{"id":4385,"date":"2026-03-31T12:22:58","date_gmt":"2026-03-31T10:22:58","guid":{"rendered":"https:\/\/saintlouis-lapaix.com\/lycee-saint-louis\/?page_id=4385"},"modified":"2026-03-31T12:22:58","modified_gmt":"2026-03-31T10:22:58","slug":"etudes-au-canada-cegep-partenariat","status":"publish","type":"page","link":"https:\/\/saintlouis-lapaix.com\/lycee-saint-louis\/international\/etudes-au-canada-cegep-partenariat\/","title":{"rendered":"Poursuites d&rsquo;\u00e9tudes au Canada, nos partenariats avec les CEGEP"},"content":{"rendered":"<h2>Faire des \u00e9tudes sup\u00e9rieures au Canada apr\u00e8s l\u2019obtention de son Baccalaur\u00e9at, c\u2019est possible \u00e0 Saint-Louis<\/h2>\n<p>&nbsp;<\/p>\n<h3><span style=\"color: #008080;\"><strong>Faire des \u00e9tudes sup\u00e9rieures au Canada apr\u00e8s l\u2019obtention de son Baccalaur\u00e9at, c\u2019est possible au Lyc\u00e9e Saint-Louis, de Lorient\u00a0<\/strong><\/span><\/h3>\n<p>Gr\u00e2ce aux partenariats mis en place avec 6 \u00e9tablissements de l\u2019enseignement sup\u00e9rieurs au Qu\u00e9bec, les jeunes lyc\u00e9ens de Saint-Louis peuvent pr\u00e9tendre \u00e0 une exp\u00e9rience d\u2019\u00e9tudes sur un Campus en Am\u00e9rique du Nord.<\/p>\n<p><img loading=\"lazy\" decoding=\"async\" class=\"alignnone size-full wp-image-4360\" src=\"https:\/\/saintlouis-lapaix.com\/lycee-saint-louis\/wp-content\/uploads\/sites\/3\/2026\/03\/5A7C583C-DA50-42DB-BFFF-E0050CDBCE72.jpg\" alt=\"\" width=\"2048\" height=\"945\" srcset=\"https:\/\/saintlouis-lapaix.com\/lycee-saint-louis\/wp-content\/uploads\/sites\/3\/2026\/03\/5A7C583C-DA50-42DB-BFFF-E0050CDBCE72.jpg 2048w, https:\/\/saintlouis-lapaix.com\/lycee-saint-louis\/wp-content\/uploads\/sites\/3\/2026\/03\/5A7C583C-DA50-42DB-BFFF-E0050CDBCE72-300x138.jpg 300w, https:\/\/saintlouis-lapaix.com\/lycee-saint-louis\/wp-content\/uploads\/sites\/3\/2026\/03\/5A7C583C-DA50-42DB-BFFF-E0050CDBCE72-1024x473.jpg 1024w, https:\/\/saintlouis-lapaix.com\/lycee-saint-louis\/wp-content\/uploads\/sites\/3\/2026\/03\/5A7C583C-DA50-42DB-BFFF-E0050CDBCE72-768x354.jpg 768w, https:\/\/saintlouis-lapaix.com\/lycee-saint-louis\/wp-content\/uploads\/sites\/3\/2026\/03\/5A7C583C-DA50-42DB-BFFF-E0050CDBCE72-1536x709.jpg 1536w, https:\/\/saintlouis-lapaix.com\/lycee-saint-louis\/wp-content\/uploads\/sites\/3\/2026\/03\/5A7C583C-DA50-42DB-BFFF-E0050CDBCE72-1200x554.jpg 1200w\" sizes=\"auto, (max-width: 2048px) 100vw, 2048px\" \/>Lors des cong\u00e9s de f\u00e9vrier 2026, Mme Karin Go\u00ebnvic (Directrice du groupe scolaire St Louis-La Paix) a rencontr\u00e9 les chefs d\u2019\u00e9tablissement de 6 CEGEP (Coll\u00e8ge d\u2019Enseignement G\u00e9n\u00e9ral Et Professionnel) et sign\u00e9 des ententes afin de permettre \u00e0 nos jeunes bacheliers de poursuivre leurs \u00e9tudes sup\u00e9rieures dans l\u2019un de ces campus.<\/p>\n<p>Il s\u2019agit des CEGEP suivants : pour la r\u00e9gion du Saguenay Lac St Jean (situ\u00e9 \u00e0 500 kms au nord de Montr\u00e9al) :<\/p>\n<ul>\n<li><span style=\"color: #008080;\"><strong><a style=\"color: #008080;\" href=\"https:\/\/cegepstfe.ca\/programmes\/\" target=\"_blank\" rel=\"noopener\">CEGEP de St F\u00e9licien<\/a>\u00a0<\/strong><\/span><\/li>\n<li><a href=\"https:\/\/www.collegealma.ca\/programmes\/?c=programmes-techniques\" target=\"_blank\" rel=\"noopener\"><span style=\"color: #008080;\"><strong>CEGEP de Alma<\/strong><\/span><\/a><\/li>\n<li><a href=\"https:\/\/cchic.ca\/programmes\/\" target=\"_blank\" rel=\"noopener\"><span style=\"color: #008080;\"><strong>CEGEP de Chicoutimi\u00a0<\/strong><\/span><\/a><\/li>\n<li><a href=\"https:\/\/www.cegepjonquiere.ca\/liste-des-programmes.html\" target=\"_blank\" rel=\"noopener\"><span style=\"color: #008080;\"><strong>CEGEP de Jonqui\u00e8re\u00a0<\/strong><\/span><\/a><\/li>\n<\/ul>\n<p>L\u2019inscription se fait via un site unique d\u00e9di\u00e9\u00a0: <strong><span style=\"color: #008080;\"><a style=\"color: #008080;\" href=\"https:\/\/mesetudesaucanada.com\/\">https:\/\/mesetudesaucanada.com\/<\/a><\/span><\/strong><\/p>\n<p>Ces 4 CEGEP proposent une trentaine de DEC Techniques (Dipl\u00f4me d\u2019\u00c9tude Coll\u00e9gial) diff\u00e9rents qui peuvent convenir aux bacheliers de Saint-Louis et notamment des DEC param\u00e9dicaux <span style=\"color: #008080;\"><strong><a style=\"color: #008080;\" href=\"https:\/\/saintlouis-lapaix.com\/lycee-saint-louis\/formations\/bac-technologique\/\" target=\"_blank\" rel=\"noopener\">pour les \u00e9l\u00e8ves des s\u00e9ries ST2S et STL de l&rsquo;\u00e9tablissement<\/a><\/strong><\/span> et des DEC en Arts et technologie des M\u00e9dias <strong><span style=\"color: #008080;\"><a style=\"color: #008080;\" href=\"https:\/\/saintlouis-lapaix.com\/lycee-saint-louis\/formations\/bac-general\/cinema-audiovisuel\/\" target=\"_blank\" rel=\"noopener\">pour les \u00e9l\u00e8ves de la sp\u00e9cialit\u00e9 CAV, Cin\u00e9ma Audiovisuel<\/a><\/span><\/strong>.<\/p>\n<h3><span style=\"color: #008080;\"><a style=\"color: #008080;\" href=\"https:\/\/saintlouis-lapaix.com\/lycee-saint-louis\/formations\/bac-technologique\/stl-sciences-et-technologies-de-laboratoire\/\" target=\"_blank\" rel=\"noopener\"><strong>Pour les \u00e9l\u00e8ves de STL :<\/strong><\/a><\/span><\/h3>\n<p><strong><span style=\"color: #008080;\"><a style=\"color: #008080;\" href=\"https:\/\/www.cegepshawinigan.ca\/tous-nos-programmes\/\" target=\"_blank\" rel=\"noopener\">Le CEGEP de Shawinigan\u00a0 (\u00e0 1h30 de Montr\u00e9al)<\/a><\/span><\/strong> propose des DEC (Dipl\u00f4me d\u2019\u00c9tude Coll\u00e9gial) en techniques de laboratoire.<\/p>\n<h3><strong><span style=\"color: #008080;\"><a style=\"color: #008080;\" href=\"https:\/\/saintlouis-lapaix.com\/lycee-saint-louis\/formations\/bac-technologique\/stmg-sciences-et-technologies-du-management-et-de-la-gestion\/\" target=\"_blank\" rel=\"noopener\">Pour les \u00e9l\u00e8ves de STMG :<\/a><\/span><\/strong><\/h3>\n<p><strong><span style=\"color: #008080;\"><a style=\"color: #008080;\" href=\"https:\/\/www.cegeplapocatiere.qc.ca\/programmes\/\" target=\"_blank\" rel=\"noopener\">Le CEGEP de La Pocati\u00e8re (\u00e0 3h30 de Montr\u00e9al)<\/a><\/span><\/strong> propose des DEC (Dipl\u00f4me d\u2019\u00c9tude Coll\u00e9gial) en une ann\u00e9e apr\u00e8s un BTS tertiaire en France.<\/p>\n<p>Ce lundi 30 mars 2026, une repr\u00e9sentante <strong><span style=\"color: #008080;\"><a style=\"color: #008080;\" href=\"https:\/\/www.lecegep.ca\/fr\/etudiant-e-s-internationaux\/le-quebec\/saguenay-lac-saint-jean\" target=\"_blank\" rel=\"noopener\">des 4 CEGEP du Saguenay Lac St Jean<\/a><\/span><\/strong> est venue \u00e0 la rencontre des parents pour une pr\u00e9sentation \u00e0 18h15 \u00e0 l\u2019amphith\u00e9\u00e2tre du lyc\u00e9e Saint-Louis.<\/p>\n<p>Pour tout renseignement, contacter\u00a0:<span style=\"color: #008080;\"><strong> <a style=\"color: #008080;\" href=\"mailto:Nelly.le-bihan@slouis-lorient.fr\">nelly.le-bihan@slouis-lorient.fr<\/a> <\/strong><\/span>charg\u00e9e de mission : partenariat CEGEP\/QUEBEC.<\/p>\n<h2>Pour aller plus loin, ouvrir ou t\u00e9l\u00e9charger ces documents :<\/h2>\n<h3><span style=\"color: #008080;\"><strong><a style=\"color: #008080;\" href=\"https:\/\/saintlouis-lapaix.com\/lycee-saint-louis\/wp-content\/uploads\/sites\/3\/2026\/03\/Poursuites-detudes-au-QUEBEC.pdf\">Pr\u00e9sentation des Poursuites d&rsquo;\u00e9tudes au Qu\u00e9bec<\/a><\/strong><\/span><\/h3>\n<h3><span style=\"color: #008080;\"><strong><a style=\"color: #008080;\" href=\"https:\/\/saintlouis-lapaix.com\/lycee-saint-louis\/wp-content\/uploads\/sites\/3\/2026\/03\/mesetudesaucanada.pdf\">Mes \u00e9tudes au Canada &#8211; pr\u00e9sentation CEGEP<\/a><\/strong><\/span><\/h3>\n<h2>En savoir plus sur nos formations :<\/h2>\n<ul>\n<li><strong><a href=\"https:\/\/saintlouis-lapaix.com\/lycee-saint-louis\/international\/\" target=\"_blank\" rel=\"noopener\">L&rsquo;international au lyc\u00e9e Saint-Louis<\/a><\/strong><\/li>\n<li><strong><a href=\"https:\/\/saintlouis-lapaix.com\/lycee-saint-louis\/formations\/bac-general\/\" target=\"_blank\" rel=\"noopener\">Nos formations de la voie g\u00e9n\u00e9rale<\/a><\/strong><\/li>\n<li><strong><a href=\"https:\/\/saintlouis-lapaix.com\/lycee-saint-louis\/formations\/bac-technologique\/\" target=\"_blank\" rel=\"noopener\">Nos 3 s\u00e9ries technologiques, STL, ST2S, STMG<\/a><\/strong><\/li>\n<\/ul>\n<h2>Retrouvez-nous sur les r\u00e9seaux sociaux :<\/h2>\n<p><a href=\"https:\/\/www.facebook.com\/lyceesaintlouis.lorient\/\" target=\"_blank\" rel=\"noopener\"><img loading=\"lazy\" decoding=\"async\" class=\"alignnone wp-image-3930\" src=\"https:\/\/saintlouis-lapaix.com\/lycee-saint-louis\/wp-content\/uploads\/sites\/3\/2025\/11\/logo-facebook.png\" alt=\"\" width=\"54\" height=\"54\" \/><\/a><a href=\"https:\/\/www.facebook.com\/lyceesaintlouis.lorient\/\" target=\"_blank\" rel=\"noopener\">@lyceesaintlouis.lorient<\/a><\/p>\n<p><a href=\"https:\/\/www.instagram.com\/lyceesaintlouis\/\" target=\"_blank\" rel=\"noopener\"><img loading=\"lazy\" decoding=\"async\" class=\"alignnone wp-image-3931\" src=\"https:\/\/saintlouis-lapaix.com\/lycee-saint-louis\/wp-content\/uploads\/sites\/3\/2025\/11\/logo-instagram.jpeg\" alt=\"\" width=\"54\" height=\"54\" \/><\/a><a href=\"https:\/\/www.instagram.com\/lyceesaintlouis\/\" target=\"_blank\" rel=\"noopener\">@lyceesaintlouis<\/a><\/p>\n<p><a href=\"https:\/\/fr.linkedin.com\/school\/ lyc\u00e9e-saint-louis-lorient-56\/\" target=\"_blank\" rel=\"noopener\"><img loading=\"lazy\" decoding=\"async\" class=\"alignnone wp-image-3932\" src=\"https:\/\/saintlouis-lapaix.com\/lycee-saint-louis\/wp-content\/uploads\/sites\/3\/2025\/11\/logo-linkedin.png\" alt=\"\" width=\"51\" height=\"51\" \/><\/a><a href=\"https:\/\/youtube.com\/@lyceesaintlouis-lapaix9651?si=rAFYgpYMLHypt4Dn\" target=\"_blank\" rel=\"noopener\">@lyc\u00e9e-saint-louis-lorient-56<\/a><\/p>\n<p><a href=\"https:\/\/youtube.com\/@lyceesaintlouis-lapaix9651?si=rAFYgpYMLHypt4Dn\" target=\"_blank\" rel=\"noopener\"><img loading=\"lazy\" decoding=\"async\" class=\"alignnone wp-image-3933\" src=\"https:\/\/saintlouis-lapaix.com\/lycee-saint-louis\/wp-content\/uploads\/sites\/3\/2025\/11\/logo-youtube.jpeg\" alt=\"\" width=\"110\" height=\"60\" \/><\/a><a href=\"https:\/\/youtube.com\/@lyceesaintlouis-lapaix9651?si=rAFYgpYMLHypt4Dn\" target=\"_blank\" rel=\"noopener\">@lyceesaintlouis-lapaix9651<\/a><\/p>\n","protected":false},"excerpt":{"rendered":"<p>Faire des \u00e9tudes sup\u00e9rieures au Canada apr\u00e8s l\u2019obtention de son Baccalaur\u00e9at, c\u2019est possible \u00e0 Saint-Louis &nbsp; Faire des \u00e9tudes sup\u00e9rieures&hellip;<\/p>\n","protected":false},"author":12,"featured_media":0,"parent":10,"menu_order":0,"comment_status":"closed","ping_status":"closed","template":"","meta":{"_acf_changed":false,"footnotes":""},"class_list":["post-4385","page","type-page","status-publish","hentry"],"acf":[],"yoast_head":"<!-- This site is optimized with the Yoast SEO plugin v27.6 - https:\/\/yoast.com\/product\/yoast-seo-wordpress\/ -->\n<title>Poursuites d&#039;\u00e9tudes au Canada, nos partenariats avec les CEGEP - Lyc\u00e9e Saint-Louis<\/title>\n<meta name=\"robots\" content=\"index, follow, max-snippet:-1, max-image-preview:large, max-video-preview:-1\" \/>\n<link rel=\"canonical\" href=\"https:\/\/saintlouis-lapaix.com\/lycee-saint-louis\/international\/etudes-au-canada-cegep-partenariat\/\" \/>\n<meta property=\"og:locale\" content=\"fr_FR\" \/>\n<meta property=\"og:type\" content=\"article\" \/>\n<meta property=\"og:title\" content=\"Poursuites d&#039;\u00e9tudes au Canada, nos partenariats avec les CEGEP - Lyc\u00e9e Saint-Louis\" \/>\n<meta property=\"og:description\" content=\"Faire des \u00e9tudes sup\u00e9rieures au Canada apr\u00e8s l\u2019obtention de son Baccalaur\u00e9at, c\u2019est possible \u00e0 Saint-Louis &nbsp; Faire des \u00e9tudes sup\u00e9rieures&hellip;\" \/>\n<meta property=\"og:url\" content=\"https:\/\/saintlouis-lapaix.com\/lycee-saint-louis\/international\/etudes-au-canada-cegep-partenariat\/\" \/>\n<meta property=\"og:site_name\" content=\"Lyc\u00e9e Saint-Louis\" \/>\n<meta property=\"og:image\" content=\"https:\/\/saintlouis-lapaix.com\/lycee-saint-louis\/wp-content\/uploads\/sites\/3\/2026\/03\/5A7C583C-DA50-42DB-BFFF-E0050CDBCE72.jpg\" \/>\n\t<meta property=\"og:image:width\" content=\"2048\" \/>\n\t<meta property=\"og:image:height\" content=\"945\" \/>\n\t<meta property=\"og:image:type\" content=\"image\/jpeg\" \/>\n<meta name=\"twitter:card\" content=\"summary_large_image\" \/>\n<meta name=\"twitter:label1\" content=\"Dur\u00e9e de lecture estim\u00e9e\" \/>\n\t<meta name=\"twitter:data1\" content=\"3 minutes\" \/>\n<script type=\"application\/ld+json\" class=\"yoast-schema-graph\">{\"@context\":\"https:\\\/\\\/schema.org\",\"@graph\":[{\"@type\":\"WebPage\",\"@id\":\"https:\\\/\\\/saintlouis-lapaix.com\\\/lycee-saint-louis\\\/international\\\/etudes-au-canada-cegep-partenariat\\\/\",\"url\":\"https:\\\/\\\/saintlouis-lapaix.com\\\/lycee-saint-louis\\\/international\\\/etudes-au-canada-cegep-partenariat\\\/\",\"name\":\"Poursuites d'\u00e9tudes au Canada, nos partenariats avec les CEGEP - Lyc\u00e9e Saint-Louis\",\"isPartOf\":{\"@id\":\"https:\\\/\\\/saintlouis-lapaix.com\\\/lycee-saint-louis\\\/#website\"},\"primaryImageOfPage\":{\"@id\":\"https:\\\/\\\/saintlouis-lapaix.com\\\/lycee-saint-louis\\\/international\\\/etudes-au-canada-cegep-partenariat\\\/#primaryimage\"},\"image\":{\"@id\":\"https:\\\/\\\/saintlouis-lapaix.com\\\/lycee-saint-louis\\\/international\\\/etudes-au-canada-cegep-partenariat\\\/#primaryimage\"},\"thumbnailUrl\":\"https:\\\/\\\/saintlouis-lapaix.com\\\/lycee-saint-louis\\\/wp-content\\\/uploads\\\/sites\\\/3\\\/2026\\\/03\\\/5A7C583C-DA50-42DB-BFFF-E0050CDBCE72.jpg\",\"datePublished\":\"2026-03-31T10:22:58+00:00\",\"breadcrumb\":{\"@id\":\"https:\\\/\\\/saintlouis-lapaix.com\\\/lycee-saint-louis\\\/international\\\/etudes-au-canada-cegep-partenariat\\\/#breadcrumb\"},\"inLanguage\":\"fr-FR\",\"potentialAction\":[{\"@type\":\"ReadAction\",\"target\":[\"https:\\\/\\\/saintlouis-lapaix.com\\\/lycee-saint-louis\\\/international\\\/etudes-au-canada-cegep-partenariat\\\/\"]}]},{\"@type\":\"ImageObject\",\"inLanguage\":\"fr-FR\",\"@id\":\"https:\\\/\\\/saintlouis-lapaix.com\\\/lycee-saint-louis\\\/international\\\/etudes-au-canada-cegep-partenariat\\\/#primaryimage\",\"url\":\"https:\\\/\\\/saintlouis-lapaix.com\\\/lycee-saint-louis\\\/wp-content\\\/uploads\\\/sites\\\/3\\\/2026\\\/03\\\/5A7C583C-DA50-42DB-BFFF-E0050CDBCE72.jpg\",\"contentUrl\":\"https:\\\/\\\/saintlouis-lapaix.com\\\/lycee-saint-louis\\\/wp-content\\\/uploads\\\/sites\\\/3\\\/2026\\\/03\\\/5A7C583C-DA50-42DB-BFFF-E0050CDBCE72.jpg\",\"width\":2048,\"height\":945},{\"@type\":\"BreadcrumbList\",\"@id\":\"https:\\\/\\\/saintlouis-lapaix.com\\\/lycee-saint-louis\\\/international\\\/etudes-au-canada-cegep-partenariat\\\/#breadcrumb\",\"itemListElement\":[{\"@type\":\"ListItem\",\"position\":1,\"name\":\"Accueil\",\"item\":\"https:\\\/\\\/saintlouis-lapaix.com\\\/lycee-saint-louis\\\/\"},{\"@type\":\"ListItem\",\"position\":2,\"name\":\"International\",\"item\":\"https:\\\/\\\/saintlouis-lapaix.com\\\/lycee-saint-louis\\\/international\\\/\"},{\"@type\":\"ListItem\",\"position\":3,\"name\":\"Poursuites d&rsquo;\u00e9tudes au Canada, nos partenariats avec les CEGEP\"}]},{\"@type\":\"WebSite\",\"@id\":\"https:\\\/\\\/saintlouis-lapaix.com\\\/lycee-saint-louis\\\/#website\",\"url\":\"https:\\\/\\\/saintlouis-lapaix.com\\\/lycee-saint-louis\\\/\",\"name\":\"Lyc\u00e9e Saint-Louis\",\"description\":\"Lyc\u00e9e d\u2019Enseignement G\u00e9n\u00e9ral et Technologique\",\"potentialAction\":[{\"@type\":\"SearchAction\",\"target\":{\"@type\":\"EntryPoint\",\"urlTemplate\":\"https:\\\/\\\/saintlouis-lapaix.com\\\/lycee-saint-louis\\\/?s={search_term_string}\"},\"query-input\":{\"@type\":\"PropertyValueSpecification\",\"valueRequired\":true,\"valueName\":\"search_term_string\"}}],\"inLanguage\":\"fr-FR\"}]}<\/script>\n<!-- \/ Yoast SEO plugin. -->","yoast_head_json":{"title":"Poursuites d'\u00e9tudes au Canada, nos partenariats avec les CEGEP - Lyc\u00e9e Saint-Louis","robots":{"index":"index","follow":"follow","max-snippet":"max-snippet:-1","max-image-preview":"max-image-preview:large","max-video-preview":"max-video-preview:-1"},"canonical":"https:\/\/saintlouis-lapaix.com\/lycee-saint-louis\/international\/etudes-au-canada-cegep-partenariat\/","og_locale":"fr_FR","og_type":"article","og_title":"Poursuites d'\u00e9tudes au Canada, nos partenariats avec les CEGEP - Lyc\u00e9e Saint-Louis","og_description":"Faire des \u00e9tudes sup\u00e9rieures au Canada apr\u00e8s l\u2019obtention de son Baccalaur\u00e9at, c\u2019est possible \u00e0 Saint-Louis &nbsp; Faire des \u00e9tudes sup\u00e9rieures&hellip;","og_url":"https:\/\/saintlouis-lapaix.com\/lycee-saint-louis\/international\/etudes-au-canada-cegep-partenariat\/","og_site_name":"Lyc\u00e9e Saint-Louis","og_image":[{"width":2048,"height":945,"url":"https:\/\/saintlouis-lapaix.com\/lycee-saint-louis\/wp-content\/uploads\/sites\/3\/2026\/03\/5A7C583C-DA50-42DB-BFFF-E0050CDBCE72.jpg","type":"image\/jpeg"}],"twitter_card":"summary_large_image","twitter_misc":{"Dur\u00e9e de lecture estim\u00e9e":"3 minutes"},"schema":{"@context":"https:\/\/schema.org","@graph":[{"@type":"WebPage","@id":"https:\/\/saintlouis-lapaix.com\/lycee-saint-louis\/international\/etudes-au-canada-cegep-partenariat\/","url":"https:\/\/saintlouis-lapaix.com\/lycee-saint-louis\/international\/etudes-au-canada-cegep-partenariat\/","name":"Poursuites d'\u00e9tudes au Canada, nos partenariats avec les CEGEP - Lyc\u00e9e Saint-Louis","isPartOf":{"@id":"https:\/\/saintlouis-lapaix.com\/lycee-saint-louis\/#website"},"primaryImageOfPage":{"@id":"https:\/\/saintlouis-lapaix.com\/lycee-saint-louis\/international\/etudes-au-canada-cegep-partenariat\/#primaryimage"},"image":{"@id":"https:\/\/saintlouis-lapaix.com\/lycee-saint-louis\/international\/etudes-au-canada-cegep-partenariat\/#primaryimage"},"thumbnailUrl":"https:\/\/saintlouis-lapaix.com\/lycee-saint-louis\/wp-content\/uploads\/sites\/3\/2026\/03\/5A7C583C-DA50-42DB-BFFF-E0050CDBCE72.jpg","datePublished":"2026-03-31T10:22:58+00:00","breadcrumb":{"@id":"https:\/\/saintlouis-lapaix.com\/lycee-saint-louis\/international\/etudes-au-canada-cegep-partenariat\/#breadcrumb"},"inLanguage":"fr-FR","potentialAction":[{"@type":"ReadAction","target":["https:\/\/saintlouis-lapaix.com\/lycee-saint-louis\/international\/etudes-au-canada-cegep-partenariat\/"]}]},{"@type":"ImageObject","inLanguage":"fr-FR","@id":"https:\/\/saintlouis-lapaix.com\/lycee-saint-louis\/international\/etudes-au-canada-cegep-partenariat\/#primaryimage","url":"https:\/\/saintlouis-lapaix.com\/lycee-saint-louis\/wp-content\/uploads\/sites\/3\/2026\/03\/5A7C583C-DA50-42DB-BFFF-E0050CDBCE72.jpg","contentUrl":"https:\/\/saintlouis-lapaix.com\/lycee-saint-louis\/wp-content\/uploads\/sites\/3\/2026\/03\/5A7C583C-DA50-42DB-BFFF-E0050CDBCE72.jpg","width":2048,"height":945},{"@type":"BreadcrumbList","@id":"https:\/\/saintlouis-lapaix.com\/lycee-saint-louis\/international\/etudes-au-canada-cegep-partenariat\/#breadcrumb","itemListElement":[{"@type":"ListItem","position":1,"name":"Accueil","item":"https:\/\/saintlouis-lapaix.com\/lycee-saint-louis\/"},{"@type":"ListItem","position":2,"name":"International","item":"https:\/\/saintlouis-lapaix.com\/lycee-saint-louis\/international\/"},{"@type":"ListItem","position":3,"name":"Poursuites d&rsquo;\u00e9tudes au Canada, nos partenariats avec les CEGEP"}]},{"@type":"WebSite","@id":"https:\/\/saintlouis-lapaix.com\/lycee-saint-louis\/#website","url":"https:\/\/saintlouis-lapaix.com\/lycee-saint-louis\/","name":"Lyc\u00e9e Saint-Louis","description":"Lyc\u00e9e d\u2019Enseignement G\u00e9n\u00e9ral et Technologique","potentialAction":[{"@type":"SearchAction","target":{"@type":"EntryPoint","urlTemplate":"https:\/\/saintlouis-lapaix.com\/lycee-saint-louis\/?s={search_term_string}"},"query-input":{"@type":"PropertyValueSpecification","valueRequired":true,"valueName":"search_term_string"}}],"inLanguage":"fr-FR"}]}},"_links":{"self":[{"href":"https:\/\/saintlouis-lapaix.com\/lycee-saint-louis\/wp-json\/wp\/v2\/pages\/4385","targetHints":{"allow":["GET"]}}],"collection":[{"href":"https:\/\/saintlouis-lapaix.com\/lycee-saint-louis\/wp-json\/wp\/v2\/pages"}],"about":[{"href":"https:\/\/saintlouis-lapaix.com\/lycee-saint-louis\/wp-json\/wp\/v2\/types\/page"}],"author":[{"embeddable":true,"href":"https:\/\/saintlouis-lapaix.com\/lycee-saint-louis\/wp-json\/wp\/v2\/users\/12"}],"replies":[{"embeddable":true,"href":"https:\/\/saintlouis-lapaix.com\/lycee-saint-louis\/wp-json\/wp\/v2\/comments?post=4385"}],"version-history":[{"count":1,"href":"https:\/\/saintlouis-lapaix.com\/lycee-saint-louis\/wp-json\/wp\/v2\/pages\/4385\/revisions"}],"predecessor-version":[{"id":4387,"href":"https:\/\/saintlouis-lapaix.com\/lycee-saint-louis\/wp-json\/wp\/v2\/pages\/4385\/revisions\/4387"}],"up":[{"embeddable":true,"href":"https:\/\/saintlouis-lapaix.com\/lycee-saint-louis\/wp-json\/wp\/v2\/pages\/10"}],"wp:attachment":[{"href":"https:\/\/saintlouis-lapaix.com\/lycee-saint-louis\/wp-json\/wp\/v2\/media?parent=4385"}],"curies":[{"name":"wp","href":"https:\/\/api.w.org\/{rel}","templated":true}]}}